t is -10 + -3130?
-3140
In base 2, what is -1 + 110011110110?
110011110101
In base 11, what is 32 - 8?
25
In base 11, what is 182 - 5?
178
In base 2, what is 1000 - -10010101?
10011101
In base 2, what is -1011100 - 1110?
-1101010
In base 5, what is -10 - 1114?
-1124
In base 14, what is 1 - 18d7?
-18d6
In base 16, what is -6 - 3a?
-40
In base 10, what is -143 - 0?
-143
In base 15, what is 10 + -48b?
-47b
In base 9, what is 3 + 508?
512
In base 5, what is 333414 + -2?
333412
In base 16, what is 160 - 5?
15b
In base 7, what is -3 - 526?
-532
In base 14, what is 250 + 5?
255
In base 12, what is 4 - -a9?
b1
In base 10, what is 686 + 7?
693
In base 14, what is 1 + -107?
-106
In base 9, what is 1 + -131?
-130
In base 14, what is 165 - 5?
160
In base 8, what is -31007 - -2?
-31005
In base 9, what is -777 - 11?
-788
In base 15, what is -54 + 7?
-4c
In base 13, what is -59a - 0?
-59a
In base 15, what is 2618 - 1?
2617
In base 13, what is 214 - 9?
208
In base 7, what is 32 + -56?
-24
In base 16, what is 17 + -f?
8
In base 2, what is -101111101 + 1100?
-101110001
In base 4, what is 101 + 2132?
2233
In base 11, what is 3 + 3416?
3419
In base 11, what is 5 + -3a?
-35
In base 3, what is -1010200 - -12?
-1010111
In base 8, what is -120 + 1?
-117
In base 3, what is 201021 + 2?
201100
In base 8, what is 41 - 33?
6
In base 3, what is 10 - 120?
-110
In base 16, what is -4ccb - 3?
-4cce
In base 16, what is b + a?
15
In base 10, what is -2 + -111?
-113
In base 10, what is -3 - -40?
37
In base 16, what is 2 + -ca?
-c8
In base 16, what is -1 - 51?
-52
In base 3, what is -120111 - -12?
-120022
In base 11, what is -1 - 1318?
-1319
In base 2, what is 10110 + 11?
11001
In base 11, what is -5 + 105?
100
In base 5, what is -12 - -31111?
31044
In base 15, what is 1d81 + 3?
1d84
In base 12, what is -1 - -4?
3
In base 4, what is 2 + 323?
331
In base 10, what is -31 + -3?
-34
In base 9, what is 1 - -23?
24
In base 7, what is 33 - 16?
14
In base 11, what is -4 + 330?
327
In base 12, what is 94 + 2?
96
In base 11, what is -9 + -215?
-223
In base 5, what is 4 - -1114?
1123
In base 14, what is -a - c?
-18
In base 9, what is 662 - -3?
665
In base 6, what is 5 + 504?
513
In base 2, what is 100001100 - 10?
100001010
In base 4, what is -11 - -2032122?
2032111
In base 11, what is -10 + -107?
-117
In base 16, what is -2 - 0?
-2
In base 15, what is -28 + -2a?
-53
In base 2, what is 1100 + -100?
1000
In base 5, what is 2 + 1024?
1031
In base 13, what is -774 - -2?
-772
In base 15, what is -3 - 4c?
-50
In base 12, what is -2 + 15?
13
In base 15, what is -6 + 417?
411
In base 15, what is 1b - 9?
12
In base 4, what is -2001 - -223?
-1112
In base 10, what is -5 + -198?
-203
In base 12, what is -162 + 4?
-15a
In base 12, what is -11 + 1a?
9
In base 5, what is 0 + -33?
-33
In base 15, what is 2 + -34?
-32
In base 15, what is 11b0 + 0?
11b0
In base 9, what is -1 + -56?
-57
In base 13, what is 89 - 1?
88
In base 2, what is 11101 - 1000?
10101
In base 15, what is 2d - -53?
81
In base 8, what is 71 - 2?
67
In base 8, what is 51 + -117?
-46
In base 8, what is 1734 + 4?
1740
In base 15, what is -3 + -14?
-17
In base 10, what is -17 + 636?
619
In base 7, what is -213 + 14?
-166
In base 11, what is -366 + -16?
-381
In base 13, what is -2c - 2?
-31
In base 11, what is -48 + -1?
-49
In base 16, what is -2 - 37?
-39
In base 7, what is 156 - 63?
63
In base 9, what is -272 - 4?
-276
In base 9, what is -15 - 146?
-162
In base 15, what is 13 - -2b?
3e
In base 9, what is -16 + 60?
43
In base 10, what is -314 + 4?
-310
In base 13, what is -2 - -a3?
a1
In base 3, what is 1121 + -1?
1120
In base 6, what is -5 - 2330?
-2335
In base 15, what is -34 - 1ce?
-213
In base 16, what is 1 + -2?
-1
In base 9, what is -14 + 4?
-10
In base 5, what is -4 + -212?
-221
In base 4, what is -11 - 131322?
-131333
In base 11, what is 2 - -2a?
31
In base 7, what is 2 + 655?
660
In base 3, what is -11 - 20011?
-20022
In base 7, what is -603 - 4?
-610
In base 14, what is 1 + -7a?
-79
In base 13, what is 610 + -3?
60a
In base 6, what is -4 - -100?
52
In base 16, what is -21 + -e5?
-106
In base 11, what is -18 - 23?
-40
In base 2, what is 100010001011 + 10?
100010001101
In base 2, what is -101 + -11000?
-11101
In base 2, what is 1111000110100 + 101?
1111000111001
In base 14, what is 5 + -a16?
-a11
In base 11, what is -99 + 14?
-85
In base 11, what is 2 + -134?
-132
In base 3, what is 1010 + 2001?
10011
In base 13, what is -10 + -99?
-a9
In base 9, what is -75 - 4?
-80
In base 2, what is -101 + 1100?
111
In base 13, what is 1 + -2c?
-2b
In base 4, what is -31 - 32?
-123
In base 2, what is 10 - -1000010?
1000100
In base 12, what is -8 + -85?
-91
In base 12, what is 4 - -51?
55
In base 8, what is 141 - -5?
146
In base 11, what is 5 + -6024?
-601a
In base 4, what is 3030 + -11?
3013
In base 16, what is -b + -74?
-7f
In base 14, what is 65 + 16?
7b
In base 10, what is 44 + 7?
51
In base 2, what is -10101 + -1?
-10110
In base 9, what is -5 + 78?
73
In base 10, what is 3 + -28?
-25
In base 7, what is -135466 - -4?
-135462
In base 2, what is 11001011110 + 100?
11001100010
In base 15, what is -6 - -7b7?
7b1
In base 15, what is -5 - 45?
-4a
In base 6, what is -2 + 5?
3
In base 8, what is 1 + -207?
-206
In base 12, what is 1b1 - 6?
1a7
In base 16, what is -1f + -11?
-30
In base 2, what is 11 + 10111001?
10111100
In base 3, what is -101020 - -10?
-101010
In base 2, what is -10011001 + 1000?
-10010001
In base 10, what is 3 - 366?
-363
In base 15, what is -6 + -7?
-d
In base 2, what is -11001 + 10111?
-10
In base 7, what is 61 + 4?
65
In base 4, what is 0 - -111?
111
In base 5, what is 0 - -3020?
3020
In base 3, what is -11 - -112020?
112002
In base 6, what is 5 + 405?
414
In base 3, what is -10020 - -2122?
-121
In base 10, what is 2 + -246?
-244
In base 16, what is -5 + -c9?
-ce
In base 6, what is 1 - -5?
10
In base 14, what is -42 - 27?
-69
In base 3, what is 1120222 - 11?
1120211
In base 10, what is 4068 - 3?
4065
In base 9, what is 8 - 17?
-8
In base 6, what is 22 + 13?
35
In base 7, what is 33 - -35?
101
In base 10, what is -523 - -2?
-521
In base 13, what is 115 + -1b?
c7
In base 10, what is 11 + 33?
44
In base 8, what is -6 - 42?
-50
In base 7, what is 1140 + -13?
1124
In base 16, what is -8e + -2?
-90
In base 16, what is 152 + -8?
14a
In base 11, what is 182 + 5?
187
In base 8, what is 4 - 150?
-144
In base 14, what is 1 + -501?
-500
In base 16, what is -9f5 - -2?
-9f3
In base 6, what is 31435 - 2?
31433
In base 15, what is -2 - 16?
-18
In base 4, what is -11 - 13332?
-20003
In base 15, what is 84 - 5?
7e
In base 2, what is -101 - -100011111000?
100011110011
In base 3, what is -122 - -112?
-10
In base 7, what is 11 - 320?
-306
In base 16, what is -1e - 118?
-136
In base 13, what is 12 - 0?
12
In base 11, what is -292 - 2?
-294
In base 7, what is 22 + -106?
-54
In base 10, what is -108 - 2?
-110
In base 10, what is -3 + -310?
-313
In base 8, what is 3 + 16?
21
In base 3, what is 1210 - -10?
1220
In base 13, what is 0 + 20?
20
In base 8, what is -33 - -30?
-3
In base 7, what is -5 - -13044?
13036
In base 8, what is 13 + -2145?
-2132
In base 9, what is -3182 + -5?
-3187
In base 3, what is 11 - 221?
-210
In base 3, what is -21 + 2101?
2010
In base 5, what is -12 - 223?
-240
In base 16, what is -3 + 4d?
4a
In base 3, what is 110220 - -2?
110222
In base 13, what is a - 1?
9
In base 7, what is -5 + -6352?
-6360
In base 14, what is -4682 - 3?
-4685
In base 4, what is 1 - -220?
221
In base 8, what is 35 - -43?
100
In base 10, what is -3 - -208?
205
In base 2, what is -1011001000 + -101?
-1011001101
In base 2, what is -101 + -100100?
-101001
In base 4, what is 32 - -100332?
101030
In base 9, what is 171 + -5?
165
In base 7, what is -15016 + -5?
-15024
In base 12, what is 81b + 3?
822
In base 3, what is -10 + 10012101?
10012021
In base 6, what is -2001 - 0?
-2001
In base 13, what is -a + 28?
1b
In base 11, what is 96 + 2?
98
In base 11, what is -3 + -19?
-21
In base 4, what is -230332 - 0?
-230332
In base 7, what is 5 - 6?
-1
In base 14, what is c3 - 1c?
a5
In base 4, what is 313 - 12?
301
In base 15, what is 5 - -2d?
33
In base 6, what is -24 - -11?
-13
In base 6, what is 0 - 122?
-122
In base 6, what is -3 + -2410?
-2413
In base 3, what is -21202 